j = -106 - -28. Let m = j + 138. What is the highest common divisor of 24 and m?
12
Let u = 8 - 5. Let x(v) = -v**2 + 7*v. Let q be x(7). Suppose -15 = -3*l - q*p - u*p, 4*l - 17 = -5*p. What is the highest common factor of 72 and l?
8
Let z be 4/(-6)*3/(-1). What is the greatest common divisor of 6 and z?
2
Let k(d) = d + 40. Let j be k(0). Suppose -2*v - j = -4*v. Calculate the greatest common factor of 50 and v.
10
Let l(j) = -j + 9. Let n be l(6). Calculate the highest common factor of 3 and n.
3
Suppose 0 = 4*a - 19 + 7. Suppose 57 - a = 3*t. Calculate the highest common divisor of t and 45.
9
Let v = -68 + 97. What is the greatest common factor of v and 203?
29
Suppose 0 = -2*f + 34 - 10. Calculate the greatest common divisor of f and 60.
12
Let g(s) = 5 + 0*s**3 - 3*s**3 + 2*s**3 - 8*s**2 + s - 2*s. Let c be g(-8). Calculate the highest common divisor of 143 and c.
13
Let z be 0/((-1)/(1/2)). Suppose 5*s - 45 = -z*s. What is the greatest common divisor of s and 6?
3
Let o = 27 - 19. Suppose o*b - 3*b - 35 = 0. Let s = 38 - -18. What is the highest common factor of b and s?
7
Let a(v) = v**3 + 11*v**2 + 13*v - 3. Let p be a(-7). Calculate the greatest common factor of p and 68.
34
Let d(i) = i**3 - 21*i**2 + 3*i + 5. Let o be d(21). Calculate the highest common factor of o and 17.
17
Let p(y) = y**2 + 3*y + 5. Let i be -2*-1*1*-2. Let n be p(i). Let f(v) = v**2 + v - 3. Let j be f(5). Calculate the greatest common factor of n and j.
9
Let l be (-4)/(-12) - 335/(-3). What is the highest common factor of 14 and l?
14
Let p be (-3 - (-6)/(-4) - -4)*-22. Calculate the greatest common factor of p and 99.
11
Suppose 3*t = -10 + 25. Suppose -3*s + t*s = 24. What is the greatest common divisor of 8 and s?
4
Let n be (-6)/(-4)*40/15. What is the greatest common divisor of 6 and n?
2
Suppose -3*n + 15 = 2*i, 2*i - 5*n = 10 - 3. What is the highest common divisor of 2 and i?
2
Let g(w) be the second derivative of w**4/4 + w**3/3 - 11*w**2/2 - w. Let f be g(-8). What is the highest common factor of 15 and f?
15
Let r = 206 + 104. Calculate the greatest common divisor of 124 and r.
62
Let h = 15 - 5. What is the highest common factor of 90 and h?
10
Let s(c) = -3*c - 11. Let a be s(-5). Suppose -g - 9 = 2*g. Let l = 17 - g. Calculate the greatest common divisor of a and l.
4
Let z = 85 + -13. Calculate the greatest common divisor of z and 8.
8
Let v(c) = -4*c - 74. Let n be v(-19). What is the highest common factor of 14 and n?
2
Suppose -5*y = 5*r - 1 - 64, -4*r = y - 58. Suppose 3*q = 7*q - 420. Calculate the greatest common divisor of r and q.
15
Let s(f) = 4*f**3 + 5*f**2 - f - 6. Let p be s(3). What is the greatest common factor of p and 16?
16
Let o be 1 + 2/(-2) + 12. Let n be (-4)/10 + 460/25. What is the greatest common factor of o and n?
6
Let y be ((6 - 3) + -3)/2. Let o(r) = 3*r**2 - 2*r + 1. Let t be o(1). Suppose y = -5*a, -5*u + a + 126 = -t*u. What is the greatest common divisor of 28 and u?
14
Let q(y) = -1 - 3*y + 0*y - 1 + 2*y. Let s be q(-14). Calculate the greatest common divisor of s and 24.
12
Suppose 2*o = 22 + 4. Calculate the greatest common factor of 39 and o.
13
Suppose 4*y - 38 = -2. Suppose -7*l = -2*l - 135. What is the highest common divisor of l and y?
9
Let l be 5/15 - 16/(-6). Let z be 16/4*4 - l. Calculate the greatest common factor of 104 and z.
13
Let f = 2 - 6. Let x be (f/(-12))/(2/78). What is the greatest common divisor of 65 and x?
13
Let j(c) = -c + 10. Let r be 2/(-3 + 1) - -9. Let p be j(r). Calculate the greatest common factor of p and 14.
2
Suppose -527 = -4*p + 461. What is the highest common divisor of p and 13?
13
Suppose 7*f + 0*f = 84. Calculate the highest common divisor of 84 and f.
12
Let a be 8/12 + (-300)/(-9). Let k be 1 + 166/2 + 1. What is the greatest common factor of k and a?
17
Let f be (3 - 5 - -2) + 37. Let k = -22 + f. Let u(y) = -33*y + 3. Let o be u(-4). What is the greatest common factor of o and k?
15
Let t = -24 + 104. What is the greatest common factor of t and 20?
20
Let r be (2 + -5 - -38) + 0. What is the greatest common factor of r and 7?
7
Let q be 96/224 + 592/7. What is the highest common divisor of q and 51?
17
Let i(b) = 6*b - 3. Let x be i(-4). Let z = x - -40. Suppose m + 3*o = 8, -4*o = z - 5. Calculate the greatest common divisor of m and 98.
14
Let w be (-21)/(-18) - 4/24. Suppose -w = -l + 8. Suppose 15 + 3 = 2*p. What is the greatest common factor of l and p?
9
Suppose 10*h = 238 - 58. What is the greatest common divisor of h and 36?
18
Suppose 0 = -f - 0*f + 17. Suppose -4*x + f = 5*g - 1, 8 = 3*x + g. Let v be 59 - x - 1*-3. Calculate the highest common factor of v and 24.
12
Let k be (-19 - 1)*1/(-2). Let x = 73 + -105. Let p = -17 - x. Calculate the greatest common factor of p and k.
5
Suppose 174*v = 176*v - 180. Calculate the highest common factor of v and 36.
18
Suppose -2*p - 6 + 50 = -2*w, p = 2*w + 21. Let t be (-2 - -1 - 0)*1. Let h be t - (-70)/(-2 - -3). Calculate the greatest common divisor of h and p.
23
Let z be ((-4)/20 + -3)*-10. What is the highest common factor of z and 16?
16
Let o = 130 - 90. Let l be (-3)/(-3) - (-59 + 0). Calculate the highest common divisor of o and l.
20
Let t = 16 + -18. Let i(s) = -s**2 - 5*s + 2. Let b be i(t). What is the greatest common factor of 2 and b?
2
Suppose 5*y = -1 + 6, -y - 8 = -3*t. Suppose -3*v + 36 = 2*k, 0 = t*k - k + v - 36. Calculate the greatest common factor of 18 and k.
18
Suppose -4*f + 30 = -5*n, 0*n + 2*n + 5*f + 12 = 0. Let d = 16 + n. What is the highest common divisor of 20 and d?
10
Let d = -1 - 15. Let h be (d/(-12))/(4/162). Calculate the greatest common divisor of 9 and h.
9
Suppose -g = g. Suppose g = -0*s + s - 2. Calculate the highest common factor of s and 2.
2
Suppose 0 = -4*g + 2*g + 8. Suppose -1 = -p + g. What is the highest common divisor of p and 55?
5
Let r(h) = 3*h**2 + h - 1. Let f be r(-2). What is the greatest common divisor of f and 63?
9
Let l = 9 + -3. Suppose -2*m - 32 = -l*m. What is the greatest common divisor of 40 and m?
8
Suppose -d = k - 4*d - 50, 2*d = 0. Suppose -5*c - k = -275. What is the highest common factor of 5 and c?
5
Let i(r) = -r**2 - 3*r + 1. Let p = -6 - -3. Let t be i(p). What is the greatest common factor of t and 1?
1
Suppose m + 14 = -0*n + 3*n, -2*m - 18 = -n. Let i(a) = a**2 - a - 10. Let j be i(m). Suppose -48 = -5*u + j. Calculate the greatest common divisor of u and 11.
11
Let g(b) = 5*b**2 + b + 2. Let q be g(5). Let t = 12 - 6. Let f be 18*4*1/t. What is the greatest common divisor of f and q?
12
Let j be 0 - 0 - (2 + -11). Let t be (-6)/(-9) - (-57)/j. What is the greatest common factor of 35 and t?
7
Suppose 5*j - 5*w - 214 = -w, 5*w = 3*j - 131. Suppose 5*o - 30 = -0*a - 5*a, 3*a = 3*o + j. Calculate the greatest common factor of 100 and a.
10
Let l be (1 - 1) + 2 - -151. Let t be 1/(3 - 150/51). What is the highest common factor of l and t?
17
Let y = 66 + -46. Calculate the highest common divisor of 10 and y.
10
Let u(q) = -q**3 - 4*q + 5*q - 7*q**2 + 3 + 8 - 3. Let j be u(-7). Calculate the greatest common divisor of j and 8.
1
Suppose 4*g - 2*w = 100, -2*g = -g - w - 26. Suppose 5*n = a - 72, 4*a + a + 3*n = 360. Calculate the greatest common divisor of a and g.
24
Let n(c) = -c - 6. Let k be n(-7). Suppose -4*r - 21 = -k, 3*a + 5*r = 38. What is the greatest common factor of a and 7?
7
Let w = -5 + 8. Suppose 5 + w = 2*y. What is the greatest common divisor of 20 and y?
4
Let u(v) = -17*v**3 + v + 3 + 3*v**3 - 2 - v**2. Let c be u(-1). Suppose -2*s + 9 + c = 0. Calculate the highest common divisor of s and 88.
11
Suppose -5*x - 4*k = -2, -2*k + 4 = 3*x + 2. Let u be (10/(-10))/(x/(-10)). What is the greatest common divisor of 35 and u?
5
Let v = 81 + -125. Let r = 92 + v. What is the greatest common factor of 16 and r?
16
Let b be 430/6 + 2/6. Suppose 3*x = 217 - 73. Calculate the highest common factor of x and b.
24
Suppose 0 = -4*x + 4*f + 80, -4*x + 5*f - 6 = -87. Let r(c) = -4*c**3 + 2*c**2 + 2*c + 2. Let i be r(-2). What is the greatest common divisor of i and x?
19
Let z = 92 + -59. What is the greatest common factor of 22 and z?
11
Let a be 1/3 + 14/3. Let b = 39 - 43. Let u = a - b. What is the greatest common divisor